*2 - 3*u - 3. Let f be g(-2). Suppose -f*s - 5*i = 26, -4 = 3*s + i + 6. List the prime factors of s/(-4) + 15/6.
3
Let o(y) = y + 8. Let r be o(-6). Let a be (0/r)/(-1 - 0). What are the prime factors of 15 - (9/3 + a)?
2, 3
Let w(x) = -x**3 - 3*x**2 - 1. Let q be w(-3). Let t = q - -5. Suppose i + 0*i - 3*h - t = 0, 3*h = 3. What are the prime factors of i?
7
Suppose -5*b + 121 = -64. Suppose 2*t + l + 36 = -t, 2*t + b = -5*l. Let u = 20 + t. List the prime factors of u.
3
Suppose 5*s = -2*z + 396, -2*s + 7*s - 402 = z. What are the prime factors of s?
2, 5
Let b(z) = -z**3 + 7*z**2 + 11*z - 5. List the prime factors of b(8).
19
Let n(a) be the third derivative of -a**6/120 + a**5/12 - a**4/12 + a**3/2 - 2*a**2. What are the prime factors of n(3)?
3, 5
Let y(u) = -u**2 + 7. Let m be y(0). Let k = 11 - m. What are the prime factors of k?
2
Suppose o = 12 - 4. List the prime factors of o.
2
Suppose 1 = -5*l - 4. Let y = -1 + 8. Let x = l + y. List the prime factors of x.
2, 3
Suppose -24 = -5*z - 9. Let f = -1 + z. What are the prime factors of f?
2
Let t(k) = -k**3 - 6*k**2 - 11*k - 5. List the prime factors of t(-9).
337
Let u be 1/(8/(-9) - -1). Let z be ((-24)/9)/(3/u). Let x(g) = -g. What are the prime factors of x(z)?
2
Let t(m) = 7*m - 1. Let w(v) = -7*v + 1. Let s(a) = -3*t(a) - 4*w(a). What are the prime factors of s(2)?
13
Let z(i) be the third derivative of -5*i**4/24 + i**3/6 - i**2. Let r be z(-4). Let d = r + -13. List the prime factors of d.
2
Let d = 0 + 4. Suppose 2*h - d*g + 2 = 0, -5*g = -4*h + 1 + 7. What are the prime factors of h?
7
Suppose 635 = 5*m - 255. List the prime factors of m.
2, 89
Suppose t + 3*a = 4 + 9, -4*t = -4*a - 132. List the prime factors of t.
2, 7
Suppose 2*f + 10 = 0, -a + f = -0*f. Let q = a + 8. What are the prime factors of q?
3
Let u(p) = 0 + 1 + p**3 - 4*p**2 - 3*p + 0*p. Suppose 4*k = 3*v + 1, -2*v + 7*v - 2*k - 17 = 0. What are the prime factors of u(v)?
11
Let l be (-30)/12*16/(-10). Suppose -l*s = s - 35. Let v = -5 + s. What are the prime factors of v?
2
Let m(n) = n + 7. Let p(d) = -2*d - 6. Let b(s) = 3*m(s) + 2*p(s). Let z be b(0). Suppose 2*r - 17 = 3*j, -z = -5*r - 2*j + 5. What are the prime factors of r?
2
Suppose 5*n - 310 = 5*p, 0*n = 3*n - 4*p - 188. Suppose 5*z - n - 35 = 0. Suppose u - 6*y + 2*y = z, -5*y - 19 = -u. List the prime factors of u.
19
List the prime factors of 237/21 + (-2)/7.
11
Suppose 8*i + 0*i = 576. What are the prime factors of i?
2, 3
Suppose 3*l - 16 = -55. Let k = 7 + l. List the prime factors of 4/k*(1 - 7).
2
Suppose 4*u + 23 = 5*t - 22, -4*u = 2*t + 10. Suppose -t*j - n = n + 9, 2*n + 4 = 0. Let k = j + 4. List the prime factors of k.
3
Let m(t) = t**2 + t - 2. Let a be m(-3). Suppose f + f = a. What are the prime factors of -1*2*(-5)/f?
5
Suppose -2*r + 3*r = 0. Suppose 4*u - 5*u + 4 = r. Suppose -3*h - 2 + 31 = q, -q - 41 = -u*h. List the prime factors of h.
2, 5
Let n be (-3)/(3/2) - -3. Let r be 1/(n*3/33). Let z = r - 2. List the prime factors of z.
3
Let d(r) = r**3 + 8*r**2 + 6*r + 2. Let z(c) = 16*c. Let i be z(2). Suppose g + 9 = -y, -4*y = g + g + i. What are the prime factors of d(y)?
3
Let j = 49 + -101. Let b = -31 - j. List the prime factors of b.
3, 7
Suppose 16 = h + 2. What are the prime factors of h?
2, 7
Let l(y) = y**2 - 3*y + 3. Suppose -5*r = -4*g + 2 - 0, 11 = 4*r + g. Let n be l(r). What are the prime factors of n - 3 - -9*1?
7
Let q(b) = b**3 + 4*b**2 + 3*b + 1. Let j be q(-2). Suppose 35 = j*k + 2*k. List the prime factors of k.
7
Let w be (-4)/14 + 64/28. Suppose 0 + 16 = 4*l. What are the prime factors of -1*w/l*-4?
2
Suppose o + 24 = 2*o. What are the prime factors of o?
2, 3
What are the prime factors of 912/6 + (-6)/(-2) + 1?
2, 3, 13
Let b(a) be the third derivative of a**4/12 - a**3/2 - a**2. Let o be 34/8 - ((-11)/(-4))/11. What are the prime factors of b(o)?
5
Let i be -1 - (0 - (2 - 1)). Suppose -4 + 1 = -t + l, -3*t + l + 7 = i. Let c = 2 + t. What are the prime factors of c?
2
Let q(l) = l**3 - 3*l**2 - l - 1. Let c be q(3). Let k = 5 + c. Suppose 0*d - k = -d + 3*v, -4*d + 34 = 3*v. What are the prime factors of d?
7
Let m be 11/5 + 1/(-5). Let z(q) = 14*q**2 + 29*q + 17. Let j(u) = -5*u**2 - 10*u - 6. Let l(y) = 17*j(y) + 6*z(y). What are the prime factors of l(m)?
2
Suppose 3*u = 3*h + 42, 2*u - 3 = 2*h - 5*h. Let w be 6/u - (-8)/6. Suppose -5 = -w*m + 7. What are the prime factors of m?
2, 3
Let c(b) = -b**2 - b. Let w be c(0). Let y be 24*-1*(w - -1). Let t = -16 - y. What are the prime factors of t?
2
Let i(v) be the third derivative of -v**4/6 - v**3/3 - 4*v**2. Suppose -2*a = -6*a - 12. List the prime factors of i(a).
2, 5
Suppose -4*x + 3*x - 3*a + 12 = 0, -3*x + 2*a = -36. Let q = 20 - x. What are the prime factors of q?
2
Suppose -5*t + t + 2*g = -382, -3*t - g = -289. What are the prime factors of t?
2, 3
Let b(u) be the first derivative of u**4/4 + 5*u**3/3 - u**2 + 5*u - 1. What are the prime factors of b(-5)?
3, 5
Suppose 4*d + 30 = 3*m, 0*m - 21 = -2*m + 3*d. List the prime factors of m.
2, 3
Suppose 4*c + 7 = 4*z - 1, z + 4*c - 2 = 0. Let w be (-42)/(1 + z) + 0. Let v = -7 - w. List the prime factors of v.
7
Suppose -12 = -4*m + 7*m. List the prime factors of m/(-16)*0 + 18.
2, 3
Suppose 4*y = -3*a + 259, 0*y - y - a + 64 = 0. What are the prime factors of y?
67
Let q be ((-3)/(-2))/((-1)/(-2)). Suppose 1 = -q*d + 31. What are the prime factors of d?
2, 5
Let w(f) = -f**3 - 4*f**2 + 5*f. Let y be w(-5). Suppose 2*a - 3*m - 6 = -1, 5*a - 19 = m. Let s = y + a. List the prime factors of s.
2
Suppose -2*l + 126 = 22. Suppose 0 = -3*c - c + l. List the prime factors of c.
13
Let d be (3 - 0) + 0 - 2. List the prime factors of -2*(-5 - 0)/d.
2, 5
Let k(h) = 8*h - 3. Let b be k(12). Suppose -4*g - 5 = -b. What are the prime factors of g?
2, 11
Suppose -5*i = -2*q + 4*q - 80, -q + 3*i + 62 = 0. Suppose -6*m + m = -q. What are the prime factors of m?
2, 5
Suppose -15 = -3*x, 2*y = -y + 3*x + 3. What are the prime factors of 10*((-9)/y + 2)?
5
Suppose -y = 2*y + 45. Let v = y - -32. What are the prime factors of v?
17
Let g(q) = -1 - 2*q**2 - q + 5*q**2 - 2*q**2 + 2. What are the prime factors of g(2)?
3
Let w(z) = 4*z**2 + 5*z + 6. List the prime factors of w(-2).
2, 3
Let h be 6/(-3 + -1 + 3). Let i be (2/(-3))/(4/h). What are the prime factors of 18 - i - (-2)/1?
19
Let f(a) = -a**3 - 15*a**2 + a + 27. List the prime factors of f(-16).
3, 89
Suppose 0 = -5*z - 38 - 17. Let r(u) = u + 10. Let m be r(z). Let j = 6 + m. What are the prime factors of j?
5
Suppose 36 = i - j, i = -i + 5*j + 69. List the prime factors of i.
37
Suppose y - 6*y + u = -1003, 0 = 5*y - 2*u - 1001. List the prime factors of y.
3, 67
Let h(q) = -6*q + 49. What are the prime factors of h(4)?
5
Let h(w) = 8*w + 5. Let r be h(6). Suppose 4*p + r = 9. Let j = p - -20. List the prime factors of j.
3
Suppose -2*v + 2 = 0, 4*y - 177 = -0*v - v. List the prime factors of y.
2, 11
Let b = -80 + 172. What are the prime factors of b?
2, 23
Let m(v) = v**3 - 9*v**2 - 3*v + 9. Let i(b) = -2*b**3 + 18*b**2 + 5*b - 19. Let h(r) = -2*i(r) - 5*m(r). List the prime factors of h(9).
2, 19
Let d be 0 + 7/(-1)*1. Let q(l) = l**2 + 6*l. List the prime factors of q(d).
7
Suppose 9 = 4*q + 1. Let j = 25 - 16. Suppose q*h - j = h. What are the prime factors of h?
3
Let r be (4 - 2)*(-15)/(-2). Suppose -i = -r - 8. Suppose -5*v - 3*d + 34 = -0*d, 4*v + d - i = 0. What are the prime factors of v?
5
Let y be 3/1 - (5 - 5). Suppose -y*u = -2*u - 2. What are the prime factors of u?
2
Let l(i) = -i**2 - i + 12. Let u be l(-6). List the prime factors of (-24)/u*54/4.
2, 3
Let o be ((-6)/(-4))/((-4)/(-16)). List the prime factors of (9/o)/((-9)/(-228)).
2, 19
Let k(g) = g**2 + 28*g + 96. List the prime factors of k(-30).
2, 3, 13
List the prime factors of (4/30*-3)/(6/(-210)).
2, 7
Let i = -94 - -109. What are the prime factors of i?
3, 5
Suppose 2*i = -12 - 0. Let h = i - -11. What are the prime factors of h?
5
Suppose 2*z = 16 + 26. Let q = 56 - z. List the prime factors of q.
5, 7
Suppose 5*n - 291 = -56. List the prime factors of n.
47
Let r be -3 - (0 - 0 - -3). List the prime factors of 2*9/r*-3.
3
Let k(u) = -u**2 + 2*u + 4. Let q be k(4). Let p(a) = a**3